= 2*v + 5*k - 46, 0 = -v - 0*v + 3*k + 23. What is the tens digit of v?
2
Let w = 45 + -33. What is the units digit of w?
2
Let c = 3 + 2. Suppose 7 = -4*x + d + 20, 3 = -3*x + c*d. Let y = x + -2. What is the units digit of y?
2
Let a(i) = -i + 12. Let u be a(0). Suppose -n + u = 4. What is the units digit of n?
8
Let h(j) = 8*j**2 - 14*j + 2. What is the tens digit of h(4)?
7
Let b(z) = -5*z + 2. Let w be b(3). Let f = -8 - w. Suppose 0 = f*k + 3*h - 97, 6*k - 3*k - h - 47 = 0. What is the units digit of k?
7
Let w = 13 - 7. What is the units digit of (w/5)/((-2)/(-15))?
9
Suppose -2*m + 83 = 3*f, 5*m + 4*f + 97 = 301. Suppose 0 = 5*k + l + m, -3*l - 4 = 2*k + 25. Let g = k + 8. What is the units digit of g?
1
Suppose -4*k + 13 = -0*x + x, 0 = -2*x - 3*k + 11. What is the units digit of x?
1
Let s be 20 + (-5)/(10/(-4)). Suppose -3*p = -p - s. What is the units digit of p?
1
Let d be (-245)/(-14)*(-8)/(-14). What is the units digit of ((-12)/d)/(6/(-20))?
4
Suppose -4*o + 3*o + 10 = 0. What is the tens digit of o?
1
Let x(s) = -17*s**3 - 2*s**2 - 2*s - 1. Let t be x(-1). Suppose 3*c = -c + t. Suppose -c*y + 5*l + 64 = 0, -3*y = l - 4*l - 48. What is the tens digit of y?
1
Let w be (7 - 2)*(-4)/5. Let x be w/(-10) - 18/(-5). Suppose -5*j + 25 = 0, -4*j + 0*j - 4 = -x*l. What is the units digit of l?
6
Let u be (-1)/4 - (-40)/32. Suppose u - 11 = -2*r. Suppose 2 = -r*q + 7. What is the units digit of q?
1
Let i(t) = -t**3 + 6*t**2 - 4*t + 1. Let h = -9 - -14. What is the units digit of i(h)?
6
Let t(y) = 6*y**3 - 2*y**2 + 1. Let s be t(1). Let j(i) = i - 2 + 9*i**2 - i - s*i**2. What is the units digit of j(2)?
4
Suppose 5 = 5*n - 4*w - 3, 3*n + 5*w + 10 = 0. Suppose 4*x - s + 24 = 7*x, -s = n. What is the units digit of x?
8
Let g = -1 - -8. Let j = -4 + g. Suppose j*f - 12 = f. What is the units digit of f?
6
Suppose -2*w + 4*y + 6 = -74, 0 = -5*w + 5*y + 175. What is the units digit of w?
0
Let t = 31 - -34. What is the units digit of t?
5
Let q(k) = 8*k**2 + k**3 + k - 3*k**2 + 6*k + 4*k**2 + 6. Let s be q(-8). Suppose -g + s = g. What is the units digit of g?
7
Suppose 4*o - 3*n + 3 = 0, -3*o - n + 19 = n. Suppose 0 = -o*v + 8 + 19. What is the units digit of v?
9
Let n(h) = -h**2 + 20*h - 16. What is the tens digit of n(14)?
6
Suppose 0 = 4*g - 16 - 4. Suppose -g*p - 1 = -21. Suppose -5 = -2*o + 2*d + 1, -p*d = 4*o + 4. What is the units digit of o?
1
Let n = -10 - -14. Suppose 2*q - 16 = -n. What is the units digit of q?
6
What is the units digit of 2/(-7) + (-1392)/(-21)?
6
Let w(z) = -2*z**2 - 6*z - 1. Let b(q) = -3*q**2 - 11*q - 3. Let k(p) = 3*b(p) - 5*w(p). Let d be k(3). What is the units digit of 24/(-15)*10/d?
4
Let y = 36 - 0. Suppose -c + y = 3*w, 0*c - 2*c + 46 = 4*w. What is the tens digit of w?
1
Suppose 1 = 2*c - 7. Let f = 13 - c. What is the units digit of f?
9
Let w = 6 - 2. Suppose 4*c = -3*p, 0*p - 5*c = w*p - 1. Suppose -p*q - 10 = -2*m, 0 = -5*m - 5*q - 5. What is the units digit of m?
1
Suppose 0 = 3*i - 8*i + 3*a + 21, -a - 5 = -i. Suppose -i*r = 22 + 2. What is the tens digit of (r/(-12))/(2/60)?
2
Suppose -7 - 5 = -3*v, -4*p + 5*v = 56. Let g = p - -13. Suppose 22 = 5*d - 3*a, 0 = -g*d - 3*a + 3 + 20. What is the units digit of d?
5
Suppose -2*c = -14 + 54. Let v = 29 - c. What is the tens digit of v?
4
Suppose 10 = 4*k - 18. Suppose v - 1 = k. What is the units digit of v?
8
Suppose -x + 20 = x. Suppose 0*d - 3*d - i = -x, 5*d = -3*i + 22. Suppose -5*f + 15 = -d*f. What is the units digit of f?
5
Let l(r) = -r + 2. Let h be l(-4). Let o(q) = -q**2 + 6*q + 5. Let j be o(h). Suppose k - 5 = -2*y, j = -3*y - y + 3*k. What is the units digit of y?
1
Let g(f) = -f**2 + 9*f + 11. Let q be g(10). What is the units digit of q/(-2) - (-45)/6?
7
Suppose 2*j - 5 = -3. Let q = 0 - -2. Let a = q - j. What is the units digit of a?
1
Suppose r + 4 = 0, -2*d - 5*r - 13 = 23. Let a = d - -13. Suppose -5*n = 5*i + a, -n + 3 = -5*i - 5*n. What is the units digit of i?
1
Let u = 0 + 25. What is the tens digit of u?
2
Let m(k) be the second derivative of -k**5/20 + 13*k**4/12 + k**3/6 + 9*k**2 - 8*k. What is the units digit of m(13)?
1
Let y = -4 + 5. Let i be (3 - y - 2) + -6. What is the units digit of 2 + i/(-3) + 1?
5
Let z be 1/(2*(-1)/30). What is the tens digit of z/(3/6*-2)?
1
Let f(a) = a + a**2 - 3*a + 3*a. Let g(h) = 2*h**2 + 10*h + 12. Let m(c) = -f(c) + g(c). What is the units digit of m(-8)?
4
Let j = -7 + 27. Let s = -7 + j. What is the units digit of s?
3
Let w(o) = -2 + 2 - 3*o - 2 + 5*o. What is the units digit of w(4)?
6
Suppose -17 = 3*l + 4*n + 6, 21 = -2*l + 3*n. Let x = -3 - 15. Let w = l - x. What is the units digit of w?
9
Let h(q) = q**3 - 13*q**2 + 20*q + 2. What is the units digit of h(12)?
8
Suppose y - 4*y + 78 = 0. Let w = y - 16. What is the units digit of w?
0
Let a = 6 - 3. Suppose -5*k - a = -4*q, 2*k - k - 4*q = -7. What is the units digit of k?
1
Let u be ((-8)/(-6))/4*9. Let i(y) = 1 - y**u + y**2 + 2*y**3 + 0. What is the units digit of i(-1)?
1
Let d(b) = 2*b + 17. What is the units digit of d(13)?
3
Suppose -3*n + 4 = 2*u - 2*n, 5*u - 5 = -5*n. Suppose -p = -u*p + 36. What is the tens digit of p?
1
Suppose -v + 25 = 4*v. Let o(z) = -z**3 + 3*z**2 + 7*z - 1. Let w be o(v). Let q = w + 24. What is the units digit of q?
8
Let u(p) = p + 8. Let o(n) = n**3 - 5*n**2 - 5*n + 2. Let d be o(6). What is the tens digit of u(d)?
1
Suppose 5*j + 2*q + 2*q = 9, -2*j = 5*q + 10. Suppose -j*u + 34 = v, 0 = 2*v - 5*u - 35 - 33. What is the tens digit of v?
3
Suppose 3*v = v + 24. Let h = -6 + v. What is the units digit of h?
6
Suppose -3*n = -2*n + 4*y + 30, -2*n + y = 15. Suppose 0 = 5*o - i + 4 + 13, 5*i = 10. Let u = o - n. What is the units digit of u?
7
Let d(w) = 4*w**2 - 2*w - 2. Let u be d(2). Suppose -12 = -3*g, n - 1 - u = -g. What is the units digit of n?
7
Suppose -w = -3*t - 1, -4*w - 3*t + 37 = -4*t. Suppose o = -0*o + b + w, 5*o + 4*b = 68. Suppose 0*a = 2*a - o. What is the units digit of a?
6
Let o = 1 - -3. Suppose -2*j - o*f = -20, 4*j - 5*f = 2 - 1. Suppose -57 = -j*n - 21. What is the units digit of n?
9
Let f = 49 + -22. What is the units digit of f?
7
Let v(h) = -h**2 - 6*h + 9. Let k be v(-7). Let q(m) = m. What is the units digit of q(k)?
2
Suppose -5*m + 0*m + 1925 = 0. What is the hundreds digit of m?
3
Suppose 0 = 4*r + f + 152, -2*r = 3*r + f + 190. Let z = r - -65. What is the units digit of z?
7
Suppose 2*n - 3 = n. Suppose -62 = n*c - 5*c. What is the tens digit of c?
3
Let m(o) be the third derivative of o**4/24 + 11*o**3/6 - 2*o**2. Let n be 3/(-1) - (-1 - 2). What is the units digit of m(n)?
1
Suppose -h = -5*h + 80. Let v be h/(-6)*(2 - 5). Let z = v + -6. What is the units digit of z?
4
Let b(a) = 3*a - 11. Let f be b(9). Suppose -f = j - 2*j. What is the units digit of j?
6
Let x(g) = -g + 1. Let o(w) = -9. Let f(i) = -o(i) - 3*x(i). Let y be f(-4). What is the tens digit of 18 + 3/y*6?
1
Suppose 10*j - 978 = 32. What is the hundreds digit of j?
1
Suppose -19 = -q + 2*i, 0*i - 120 = -5*q + 5*i. What is the units digit of q?
9
Suppose -84 = -2*n - 2*r, -44 = -3*n - 4*r + 84. What is the tens digit of n?
4
Let g(r) = -26*r - 1. Let l be g(-1). Suppose 4*w - 72 = -4*v, 0*v + l = 5*v. What is the tens digit of w?
1
Suppose -3*x = -2*r + 35, 3*r - 5*r + 40 = -4*x. Suppose -2*c = 3*c - r. Suppose -1 = -c*k + 1. What is the units digit of k?
1
Let q(t) = -2*t - 15. Let p be q(-10). Suppose 16 = n - p. Suppose 0 = -o - 2*o + n. What is the units digit of o?
7
Suppose 1 + 9 = 2*s. Suppose -145 = -s*f + 15. What is the tens digit of f?
3
What is the units digit of (-10)/(-9) - (-2)/(-18)?
1
Let z be (105/(-20))/(3/8). Let m = z - -23. What is the units digit of m?
9
Let j(k) be the first derivative of -k**4/4 + 5*k**3/3 + k**2 - k - 8. Let l(g) = 2*g - 5. Let s be l(5). What is the units digit of j(s)?
9
Suppose 5*z - c - 91 = 0, 6 = 5*c - 14. What is the units digit of z?
9
What is the units digit of (-46)/(-3) + (-3 - (-44)/12)?
6
Suppose 0*x + 2*x = 16. Suppose -4*n + x = -0*n. Suppose -n*a = -5 - 3. What is the units digit of a?
4
Let c be -1 + 3 + 3*1. Suppose -3*x = 3*g - 0*x - 12, -24 = -c*g - x. Suppose 2*f - 6 = 4*d, g*f = -0*f + 3*d + 8. What is the units digit of 